{"id":99,"date":"2022-10-31T17:11:41","date_gmt":"2022-10-31T17:11:41","guid":{"rendered":"https:\/\/j1957.de\/?page_id=99"},"modified":"2025-12-07T12:49:55","modified_gmt":"2025-12-07T12:49:55","slug":"impressionen","status":"publish","type":"page","link":"https:\/\/j1957.de\/?page_id=99","title":{"rendered":"Impressionen"},"content":{"rendered":"\n<p><strong>2025 <\/strong>fuhren wir mit einem <strong>Oldtimer-Luxusbus nach Ulm.<\/strong> Nach einer zweist\u00fcndigen sehr interessanten Stadtf\u00fchrung und einem Mittagessen im Pfannkuchenhaus war noch etwas Bummeln angesagt, bevor es mit dem Bus wieder zur\u00fcck nach Tettnang ging. <\/p>\n\n\n\n<figure class=\"wp-block-gallery has-nested-images columns-default is-cropped wp-block-gallery-1 is-layout-flex wp-block-gallery-is-layout-flex\">\n<figure class=\"wp-block-image size-medium\"><a href=\"https:\/\/j1957.de\/wp-content\/uploads\/2025\/10\/DSC02867-002-1.jpg\"><img loading=\"lazy\" decoding=\"async\" width=\"300\" height=\"200\" data-id=\"213\" src=\"https:\/\/j1957.de\/wp-content\/uploads\/2025\/10\/DSC02867-002-1-300x200.jpg\" alt=\"\" class=\"wp-image-213\" srcset=\"https:\/\/j1957.de\/wp-content\/uploads\/2025\/10\/DSC02867-002-1-300x200.jpg 300w, https:\/\/j1957.de\/wp-content\/uploads\/2025\/10\/DSC02867-002-1-1024x681.jpg 1024w, https:\/\/j1957.de\/wp-content\/uploads\/2025\/10\/DSC02867-002-1-768x511.jpg 768w, https:\/\/j1957.de\/wp-content\/uploads\/2025\/10\/DSC02867-002-1-1536x1022.jpg 1536w, https:\/\/j1957.de\/wp-content\/uploads\/2025\/10\/DSC02867-002-1-676x450.jpg 676w, https:\/\/j1957.de\/wp-content\/uploads\/2025\/10\/DSC02867-002-1.jpg 2000w\" sizes=\"auto, (max-width: 300px) 100vw, 300px\" \/><\/a><\/figure>\n\n\n\n<figure class=\"wp-block-image size-medium\"><a href=\"https:\/\/j1957.de\/wp-content\/uploads\/2025\/10\/DSC02942-002.jpg\"><img loading=\"lazy\" decoding=\"async\" width=\"300\" height=\"200\" data-id=\"215\" src=\"https:\/\/j1957.de\/wp-content\/uploads\/2025\/10\/DSC02942-002-300x200.jpg\" alt=\"\" class=\"wp-image-215\" srcset=\"https:\/\/j1957.de\/wp-content\/uploads\/2025\/10\/DSC02942-002-300x200.jpg 300w, https:\/\/j1957.de\/wp-content\/uploads\/2025\/10\/DSC02942-002-1024x681.jpg 1024w, https:\/\/j1957.de\/wp-content\/uploads\/2025\/10\/DSC02942-002-768x511.jpg 768w, https:\/\/j1957.de\/wp-content\/uploads\/2025\/10\/DSC02942-002-1536x1022.jpg 1536w, https:\/\/j1957.de\/wp-content\/uploads\/2025\/10\/DSC02942-002-676x450.jpg 676w, https:\/\/j1957.de\/wp-content\/uploads\/2025\/10\/DSC02942-002.jpg 2000w\" sizes=\"auto, (max-width: 300px) 100vw, 300px\" \/><\/a><\/figure>\n\n\n\n<figure class=\"wp-block-image size-medium\"><a href=\"https:\/\/j1957.de\/wp-content\/uploads\/2025\/10\/DSC02922-003.jpg\"><img loading=\"lazy\" decoding=\"async\" width=\"300\" height=\"183\" data-id=\"212\" src=\"https:\/\/j1957.de\/wp-content\/uploads\/2025\/10\/DSC02922-003-300x183.jpg\" alt=\"\" class=\"wp-image-212\" srcset=\"https:\/\/j1957.de\/wp-content\/uploads\/2025\/10\/DSC02922-003-300x183.jpg 300w, https:\/\/j1957.de\/wp-content\/uploads\/2025\/10\/DSC02922-003-1024x626.jpg 1024w, https:\/\/j1957.de\/wp-content\/uploads\/2025\/10\/DSC02922-003-768x469.jpg 768w, https:\/\/j1957.de\/wp-content\/uploads\/2025\/10\/DSC02922-003-1536x938.jpg 1536w, https:\/\/j1957.de\/wp-content\/uploads\/2025\/10\/DSC02922-003-676x413.jpg 676w, https:\/\/j1957.de\/wp-content\/uploads\/2025\/10\/DSC02922-003.jpg 2000w\" sizes=\"auto, (max-width: 300px) 100vw, 300px\" \/><\/a><\/figure>\n\n\n\n<figure class=\"wp-block-image size-medium\"><a href=\"https:\/\/j1957.de\/wp-content\/uploads\/2025\/10\/DSC02897-002.jpg\"><img loading=\"lazy\" decoding=\"async\" width=\"300\" height=\"209\" data-id=\"211\" src=\"https:\/\/j1957.de\/wp-content\/uploads\/2025\/10\/DSC02897-002-300x209.jpg\" alt=\"\" class=\"wp-image-211\" srcset=\"https:\/\/j1957.de\/wp-content\/uploads\/2025\/10\/DSC02897-002-300x209.jpg 300w, https:\/\/j1957.de\/wp-content\/uploads\/2025\/10\/DSC02897-002-1024x714.jpg 1024w, https:\/\/j1957.de\/wp-content\/uploads\/2025\/10\/DSC02897-002-768x535.jpg 768w, https:\/\/j1957.de\/wp-content\/uploads\/2025\/10\/DSC02897-002-1536x1071.jpg 1536w, https:\/\/j1957.de\/wp-content\/uploads\/2025\/10\/DSC02897-002-676x471.jpg 676w, https:\/\/j1957.de\/wp-content\/uploads\/2025\/10\/DSC02897-002.jpg 1737w\" sizes=\"auto, (max-width: 300px) 100vw, 300px\" \/><\/a><\/figure>\n\n\n\n<figure class=\"wp-block-image size-medium\"><a href=\"https:\/\/j1957.de\/wp-content\/uploads\/2025\/10\/PXL_20251010_081642337-scaled.jpg\"><img loading=\"lazy\" decoding=\"async\" width=\"300\" height=\"225\" data-id=\"216\" src=\"https:\/\/j1957.de\/wp-content\/uploads\/2025\/10\/PXL_20251010_081642337-300x225.jpg\" alt=\"\" class=\"wp-image-216\" srcset=\"https:\/\/j1957.de\/wp-content\/uploads\/2025\/10\/PXL_20251010_081642337-300x225.jpg 300w, https:\/\/j1957.de\/wp-content\/uploads\/2025\/10\/PXL_20251010_081642337-1024x768.jpg 1024w, https:\/\/j1957.de\/wp-content\/uploads\/2025\/10\/PXL_20251010_081642337-768x576.jpg 768w, https:\/\/j1957.de\/wp-content\/uploads\/2025\/10\/PXL_20251010_081642337-1536x1152.jpg 1536w, https:\/\/j1957.de\/wp-content\/uploads\/2025\/10\/PXL_20251010_081642337-2048x1536.jpg 2048w, https:\/\/j1957.de\/wp-content\/uploads\/2025\/10\/PXL_20251010_081642337-676x507.jpg 676w\" sizes=\"auto, (max-width: 300px) 100vw, 300px\" \/><\/a><\/figure>\n\n\n\n<figure class=\"wp-block-image size-medium\"><a href=\"https:\/\/j1957.de\/wp-content\/uploads\/2025\/10\/DSC02883-002.jpg\"><img loading=\"lazy\" decoding=\"async\" width=\"300\" height=\"195\" data-id=\"214\" src=\"https:\/\/j1957.de\/wp-content\/uploads\/2025\/10\/DSC02883-002-300x195.jpg\" alt=\"\" class=\"wp-image-214\" srcset=\"https:\/\/j1957.de\/wp-content\/uploads\/2025\/10\/DSC02883-002-300x195.jpg 300w, https:\/\/j1957.de\/wp-content\/uploads\/2025\/10\/DSC02883-002-1024x666.jpg 1024w, https:\/\/j1957.de\/wp-content\/uploads\/2025\/10\/DSC02883-002-768x500.jpg 768w, https:\/\/j1957.de\/wp-content\/uploads\/2025\/10\/DSC02883-002-1536x999.jpg 1536w, https:\/\/j1957.de\/wp-content\/uploads\/2025\/10\/DSC02883-002-676x440.jpg 676w, https:\/\/j1957.de\/wp-content\/uploads\/2025\/10\/DSC02883-002.jpg 2000w\" sizes=\"auto, (max-width: 300px) 100vw, 300px\" \/><\/a><\/figure>\n\n\n\n<figure class=\"wp-block-image size-medium\"><a href=\"https:\/\/j1957.de\/wp-content\/uploads\/2025\/10\/PXL_20251010_084634678-scaled.jpg\"><img loading=\"lazy\" decoding=\"async\" width=\"300\" height=\"225\" data-id=\"217\" src=\"https:\/\/j1957.de\/wp-content\/uploads\/2025\/10\/PXL_20251010_084634678-300x225.jpg\" alt=\"\" class=\"wp-image-217\" srcset=\"https:\/\/j1957.de\/wp-content\/uploads\/2025\/10\/PXL_20251010_084634678-300x225.jpg 300w, https:\/\/j1957.de\/wp-content\/uploads\/2025\/10\/PXL_20251010_084634678-1024x768.jpg 1024w, https:\/\/j1957.de\/wp-content\/uploads\/2025\/10\/PXL_20251010_084634678-768x576.jpg 768w, https:\/\/j1957.de\/wp-content\/uploads\/2025\/10\/PXL_20251010_084634678-1536x1152.jpg 1536w, https:\/\/j1957.de\/wp-content\/uploads\/2025\/10\/PXL_20251010_084634678-2048x1536.jpg 2048w, https:\/\/j1957.de\/wp-content\/uploads\/2025\/10\/PXL_20251010_084634678-676x507.jpg 676w\" sizes=\"auto, (max-width: 300px) 100vw, 300px\" \/><\/a><\/figure>\n\n\n\n<figure class=\"wp-block-image size-medium\"><a href=\"https:\/\/j1957.de\/wp-content\/uploads\/2025\/10\/PXL_20251010_084034469-scaled.jpg\"><img loading=\"lazy\" decoding=\"async\" width=\"225\" height=\"300\" data-id=\"218\" src=\"https:\/\/j1957.de\/wp-content\/uploads\/2025\/10\/PXL_20251010_084034469-225x300.jpg\" alt=\"\" class=\"wp-image-218\" srcset=\"https:\/\/j1957.de\/wp-content\/uploads\/2025\/10\/PXL_20251010_084034469-225x300.jpg 225w, https:\/\/j1957.de\/wp-content\/uploads\/2025\/10\/PXL_20251010_084034469-768x1024.jpg 768w, https:\/\/j1957.de\/wp-content\/uploads\/2025\/10\/PXL_20251010_084034469-1152x1536.jpg 1152w, https:\/\/j1957.de\/wp-content\/uploads\/2025\/10\/PXL_20251010_084034469-1536x2048.jpg 1536w, https:\/\/j1957.de\/wp-content\/uploads\/2025\/10\/PXL_20251010_084034469-676x901.jpg 676w, https:\/\/j1957.de\/wp-content\/uploads\/2025\/10\/PXL_20251010_084034469-scaled.jpg 1920w\" sizes=\"auto, (max-width: 225px) 100vw, 225px\" \/><\/a><\/figure>\n\n\n\n<figure class=\"wp-block-image size-medium\"><a href=\"https:\/\/j1957.de\/wp-content\/uploads\/2025\/10\/PXL_20251010_084442183-scaled.jpg\"><img loading=\"lazy\" decoding=\"async\" width=\"225\" height=\"300\" data-id=\"219\" src=\"https:\/\/j1957.de\/wp-content\/uploads\/2025\/10\/PXL_20251010_084442183-225x300.jpg\" alt=\"\" class=\"wp-image-219\" srcset=\"https:\/\/j1957.de\/wp-content\/uploads\/2025\/10\/PXL_20251010_084442183-225x300.jpg 225w, https:\/\/j1957.de\/wp-content\/uploads\/2025\/10\/PXL_20251010_084442183-768x1024.jpg 768w, https:\/\/j1957.de\/wp-content\/uploads\/2025\/10\/PXL_20251010_084442183-1152x1536.jpg 1152w, https:\/\/j1957.de\/wp-content\/uploads\/2025\/10\/PXL_20251010_084442183-1536x2048.jpg 1536w, https:\/\/j1957.de\/wp-content\/uploads\/2025\/10\/PXL_20251010_084442183-676x901.jpg 676w, https:\/\/j1957.de\/wp-content\/uploads\/2025\/10\/PXL_20251010_084442183-scaled.jpg 1920w\" sizes=\"auto, (max-width: 225px) 100vw, 225px\" \/><\/a><\/figure>\n\n\n\n<figure class=\"wp-block-image size-large\"><a href=\"https:\/\/j1957.de\/wp-content\/uploads\/2025\/10\/PXL_20251010_091229084-scaled.jpg\"><img loading=\"lazy\" decoding=\"async\" width=\"1024\" height=\"768\" data-id=\"220\" src=\"https:\/\/j1957.de\/wp-content\/uploads\/2025\/10\/PXL_20251010_091229084-1024x768.jpg\" alt=\"\" class=\"wp-image-220\" srcset=\"https:\/\/j1957.de\/wp-content\/uploads\/2025\/10\/PXL_20251010_091229084-1024x768.jpg 1024w, https:\/\/j1957.de\/wp-content\/uploads\/2025\/10\/PXL_20251010_091229084-300x225.jpg 300w, https:\/\/j1957.de\/wp-content\/uploads\/2025\/10\/PXL_20251010_091229084-768x576.jpg 768w, https:\/\/j1957.de\/wp-content\/uploads\/2025\/10\/PXL_20251010_091229084-1536x1152.jpg 1536w, https:\/\/j1957.de\/wp-content\/uploads\/2025\/10\/PXL_20251010_091229084-2048x1536.jpg 2048w, https:\/\/j1957.de\/wp-content\/uploads\/2025\/10\/PXL_20251010_091229084-676x507.jpg 676w\" sizes=\"auto, (max-width: 1024px) 100vw, 1024px\" \/><\/a><\/figure>\n\n\n\n<figure class=\"wp-block-image size-medium\"><a href=\"https:\/\/j1957.de\/wp-content\/uploads\/2025\/12\/DSC02933-002.jpg\"><img loading=\"lazy\" decoding=\"async\" width=\"300\" height=\"182\" data-id=\"232\" src=\"https:\/\/j1957.de\/wp-content\/uploads\/2025\/12\/DSC02933-002-300x182.jpg\" alt=\"\" class=\"wp-image-232\" srcset=\"https:\/\/j1957.de\/wp-content\/uploads\/2025\/12\/DSC02933-002-300x182.jpg 300w, https:\/\/j1957.de\/wp-content\/uploads\/2025\/12\/DSC02933-002-1024x622.jpg 1024w, https:\/\/j1957.de\/wp-content\/uploads\/2025\/12\/DSC02933-002-768x466.jpg 768w, https:\/\/j1957.de\/wp-content\/uploads\/2025\/12\/DSC02933-002-1536x932.jpg 1536w, https:\/\/j1957.de\/wp-content\/uploads\/2025\/12\/DSC02933-002-676x410.jpg 676w, https:\/\/j1957.de\/wp-content\/uploads\/2025\/12\/DSC02933-002.jpg 2000w\" sizes=\"auto, (max-width: 300px) 100vw, 300px\" \/><\/a><\/figure>\n\n\n\n<figure class=\"wp-block-image size-large\"><a href=\"https:\/\/j1957.de\/wp-content\/uploads\/2025\/10\/PXL_20251010_091237020-scaled.jpg\"><img loading=\"lazy\" decoding=\"async\" width=\"1024\" height=\"768\" data-id=\"221\" src=\"https:\/\/j1957.de\/wp-content\/uploads\/2025\/10\/PXL_20251010_091237020-1024x768.jpg\" alt=\"\" class=\"wp-image-221\" srcset=\"https:\/\/j1957.de\/wp-content\/uploads\/2025\/10\/PXL_20251010_091237020-1024x768.jpg 1024w, https:\/\/j1957.de\/wp-content\/uploads\/2025\/10\/PXL_20251010_091237020-300x225.jpg 300w, https:\/\/j1957.de\/wp-content\/uploads\/2025\/10\/PXL_20251010_091237020-768x576.jpg 768w, https:\/\/j1957.de\/wp-content\/uploads\/2025\/10\/PXL_20251010_091237020-1536x1152.jpg 1536w, https:\/\/j1957.de\/wp-content\/uploads\/2025\/10\/PXL_20251010_091237020-2048x1536.jpg 2048w, https:\/\/j1957.de\/wp-content\/uploads\/2025\/10\/PXL_20251010_091237020-676x507.jpg 676w\" sizes=\"auto, (max-width: 1024px) 100vw, 1024px\" \/><\/a><\/figure>\n<\/figure>\n\n\n\n<p><strong>2024 <\/strong>f\u00fchrte uns der Tagesausflug in das historische Zentrum von <strong>Konstanz<\/strong>. Die fundierte Stadtf\u00fchrung war beeindruckend und geradezu fesselnd.<\/p>\n\n\n\n<figure class=\"wp-block-gallery has-nested-images columns-default is-cropped wp-block-gallery-2 is-layout-flex wp-block-gallery-is-layout-flex\">\n<figure class=\"wp-block-image size-large\"><img loading=\"lazy\" decoding=\"async\" width=\"1024\" height=\"681\" data-id=\"183\" src=\"https:\/\/j1957.de\/wp-content\/uploads\/2024\/09\/DSC08024-001.jpg\" alt=\"\" class=\"wp-image-183\" srcset=\"https:\/\/j1957.de\/wp-content\/uploads\/2024\/09\/DSC08024-001.jpg 1024w, https:\/\/j1957.de\/wp-content\/uploads\/2024\/09\/DSC08024-001-300x200.jpg 300w, https:\/\/j1957.de\/wp-content\/uploads\/2024\/09\/DSC08024-001-768x511.jpg 768w, https:\/\/j1957.de\/wp-content\/uploads\/2024\/09\/DSC08024-001-676x450.jpg 676w\" sizes=\"auto, (max-width: 1024px) 100vw, 1024px\" \/><figcaption class=\"wp-element-caption\">Einf\u00fchrung<\/figcaption><\/figure>\n\n\n\n<figure class=\"wp-block-image size-large\"><img loading=\"lazy\" decoding=\"async\" width=\"1024\" height=\"650\" data-id=\"184\" src=\"https:\/\/j1957.de\/wp-content\/uploads\/2024\/09\/DSC08031-001.jpg\" alt=\"\" class=\"wp-image-184\" srcset=\"https:\/\/j1957.de\/wp-content\/uploads\/2024\/09\/DSC08031-001.jpg 1024w, https:\/\/j1957.de\/wp-content\/uploads\/2024\/09\/DSC08031-001-300x190.jpg 300w, https:\/\/j1957.de\/wp-content\/uploads\/2024\/09\/DSC08031-001-768x488.jpg 768w, https:\/\/j1957.de\/wp-content\/uploads\/2024\/09\/DSC08031-001-676x429.jpg 676w\" sizes=\"auto, (max-width: 1024px) 100vw, 1024px\" \/><\/figure>\n\n\n\n<figure class=\"wp-block-image size-large\"><img loading=\"lazy\" decoding=\"async\" width=\"1024\" height=\"675\" data-id=\"185\" src=\"https:\/\/j1957.de\/wp-content\/uploads\/2024\/09\/DSC08044-001.jpg\" alt=\"\" class=\"wp-image-185\" srcset=\"https:\/\/j1957.de\/wp-content\/uploads\/2024\/09\/DSC08044-001.jpg 1024w, https:\/\/j1957.de\/wp-content\/uploads\/2024\/09\/DSC08044-001-300x198.jpg 300w, https:\/\/j1957.de\/wp-content\/uploads\/2024\/09\/DSC08044-001-768x506.jpg 768w, https:\/\/j1957.de\/wp-content\/uploads\/2024\/09\/DSC08044-001-676x446.jpg 676w\" sizes=\"auto, (max-width: 1024px) 100vw, 1024px\" \/><figcaption class=\"wp-element-caption\">Feuerfluchtgang<\/figcaption><\/figure>\n\n\n\n<figure class=\"wp-block-image size-large\"><img loading=\"lazy\" decoding=\"async\" width=\"1024\" height=\"681\" data-id=\"186\" src=\"https:\/\/j1957.de\/wp-content\/uploads\/2024\/09\/DSC08061-001.jpg\" alt=\"\" class=\"wp-image-186\" srcset=\"https:\/\/j1957.de\/wp-content\/uploads\/2024\/09\/DSC08061-001.jpg 1024w, https:\/\/j1957.de\/wp-content\/uploads\/2024\/09\/DSC08061-001-300x200.jpg 300w, https:\/\/j1957.de\/wp-content\/uploads\/2024\/09\/DSC08061-001-768x511.jpg 768w, https:\/\/j1957.de\/wp-content\/uploads\/2024\/09\/DSC08061-001-676x450.jpg 676w\" sizes=\"auto, (max-width: 1024px) 100vw, 1024px\" \/><\/figure>\n\n\n\n<figure class=\"wp-block-image size-large\"><img loading=\"lazy\" decoding=\"async\" width=\"1024\" height=\"681\" data-id=\"187\" src=\"https:\/\/j1957.de\/wp-content\/uploads\/2024\/09\/DSC08089-001.jpg\" alt=\"\" class=\"wp-image-187\" srcset=\"https:\/\/j1957.de\/wp-content\/uploads\/2024\/09\/DSC08089-001.jpg 1024w, https:\/\/j1957.de\/wp-content\/uploads\/2024\/09\/DSC08089-001-300x200.jpg 300w, https:\/\/j1957.de\/wp-content\/uploads\/2024\/09\/DSC08089-001-768x511.jpg 768w, https:\/\/j1957.de\/wp-content\/uploads\/2024\/09\/DSC08089-001-676x450.jpg 676w\" sizes=\"auto, (max-width: 1024px) 100vw, 1024px\" \/><figcaption class=\"wp-element-caption\">Mittagessen<\/figcaption><\/figure>\n<\/figure>\n\n\n\n<p>Unser Tagesausflug <strong>2023 nach Kempten<\/strong> hat allen sehr gut gefallen. Das freut nat\u00fcrlich auch uns Organisatoren. Nachfolgend einige Fotos von Philipp zum Gedanken baumeln lassen und r\u00fcckerinnern&#8230;.<\/p>\n\n\n\n<figure class=\"wp-block-gallery has-nested-images columns-default is-cropped wp-block-gallery-3 is-layout-flex wp-block-gallery-is-layout-flex\">\n<figure class=\"wp-block-image size-large\"><a href=\"https:\/\/j1957.de\/wp-content\/uploads\/2022\/10\/DSC00954-001.jpg\" target=\"_blank\" rel=\"noreferrer noopener\"><img loading=\"lazy\" decoding=\"async\" width=\"1024\" height=\"669\" data-id=\"103\" src=\"https:\/\/j1957.de\/wp-content\/uploads\/2022\/10\/DSC00954-001-1024x669.jpg\" alt=\"\" class=\"wp-image-103\" srcset=\"https:\/\/j1957.de\/wp-content\/uploads\/2022\/10\/DSC00954-001-1024x669.jpg 1024w, https:\/\/j1957.de\/wp-content\/uploads\/2022\/10\/DSC00954-001-300x196.jpg 300w, https:\/\/j1957.de\/wp-content\/uploads\/2022\/10\/DSC00954-001-768x502.jpg 768w, https:\/\/j1957.de\/wp-content\/uploads\/2022\/10\/DSC00954-001-1536x1003.jpg 1536w, https:\/\/j1957.de\/wp-content\/uploads\/2022\/10\/DSC00954-001-676x441.jpg 676w, https:\/\/j1957.de\/wp-content\/uploads\/2022\/10\/DSC00954-001.jpg 2000w\" sizes=\"auto, (max-width: 1024px) 100vw, 1024px\" \/><\/a><figcaption class=\"wp-element-caption\">Fr\u00fchst\u00fcckspause<\/figcaption><\/figure>\n\n\n\n<figure class=\"wp-block-image size-large\"><a href=\"https:\/\/j1957.de\/wp-content\/uploads\/2022\/10\/DSC00960-001.jpg\" target=\"_blank\" rel=\"noreferrer noopener\"><img loading=\"lazy\" decoding=\"async\" width=\"1024\" height=\"681\" data-id=\"104\" src=\"https:\/\/j1957.de\/wp-content\/uploads\/2022\/10\/DSC00960-001-1024x681.jpg\" alt=\"\" class=\"wp-image-104\" srcset=\"https:\/\/j1957.de\/wp-content\/uploads\/2022\/10\/DSC00960-001-1024x681.jpg 1024w, https:\/\/j1957.de\/wp-content\/uploads\/2022\/10\/DSC00960-001-300x200.jpg 300w, https:\/\/j1957.de\/wp-content\/uploads\/2022\/10\/DSC00960-001-768x511.jpg 768w, https:\/\/j1957.de\/wp-content\/uploads\/2022\/10\/DSC00960-001-1536x1022.jpg 1536w, https:\/\/j1957.de\/wp-content\/uploads\/2022\/10\/DSC00960-001-676x450.jpg 676w, https:\/\/j1957.de\/wp-content\/uploads\/2022\/10\/DSC00960-001.jpg 2000w\" sizes=\"auto, (max-width: 1024px) 100vw, 1024px\" \/><\/a><figcaption class=\"wp-element-caption\">Fr\u00fchst\u00fcckspause<\/figcaption><\/figure>\n\n\n\n<figure class=\"wp-block-image size-large\"><a href=\"https:\/\/j1957.de\/wp-content\/uploads\/2022\/10\/DSC00964-001.jpg\" target=\"_blank\" rel=\"noreferrer noopener\"><img loading=\"lazy\" decoding=\"async\" width=\"1024\" height=\"698\" data-id=\"102\" src=\"https:\/\/j1957.de\/wp-content\/uploads\/2022\/10\/DSC00964-001-1024x698.jpg\" alt=\"\" class=\"wp-image-102\" srcset=\"https:\/\/j1957.de\/wp-content\/uploads\/2022\/10\/DSC00964-001-1024x698.jpg 1024w, https:\/\/j1957.de\/wp-content\/uploads\/2022\/10\/DSC00964-001-300x204.jpg 300w, https:\/\/j1957.de\/wp-content\/uploads\/2022\/10\/DSC00964-001-768x523.jpg 768w, https:\/\/j1957.de\/wp-content\/uploads\/2022\/10\/DSC00964-001-1536x1047.jpg 1536w, https:\/\/j1957.de\/wp-content\/uploads\/2022\/10\/DSC00964-001-676x461.jpg 676w, https:\/\/j1957.de\/wp-content\/uploads\/2022\/10\/DSC00964-001.jpg 2000w\" sizes=\"auto, (max-width: 1024px) 100vw, 1024px\" \/><\/a><figcaption class=\"wp-element-caption\">Stadtf\u00fchrung<\/figcaption><\/figure>\n\n\n\n<figure class=\"wp-block-image size-large\"><a href=\"https:\/\/j1957.de\/wp-content\/uploads\/2022\/10\/DSC00965-001.jpg\" target=\"_blank\" rel=\"noreferrer noopener\"><img loading=\"lazy\" decoding=\"async\" width=\"1024\" height=\"693\" data-id=\"100\" src=\"https:\/\/j1957.de\/wp-content\/uploads\/2022\/10\/DSC00965-001-1024x693.jpg\" alt=\"\" class=\"wp-image-100\" srcset=\"https:\/\/j1957.de\/wp-content\/uploads\/2022\/10\/DSC00965-001-1024x693.jpg 1024w, https:\/\/j1957.de\/wp-content\/uploads\/2022\/10\/DSC00965-001-300x203.jpg 300w, https:\/\/j1957.de\/wp-content\/uploads\/2022\/10\/DSC00965-001-768x520.jpg 768w, https:\/\/j1957.de\/wp-content\/uploads\/2022\/10\/DSC00965-001-1536x1039.jpg 1536w, https:\/\/j1957.de\/wp-content\/uploads\/2022\/10\/DSC00965-001-676x457.jpg 676w, https:\/\/j1957.de\/wp-content\/uploads\/2022\/10\/DSC00965-001.jpg 2000w\" sizes=\"auto, (max-width: 1024px) 100vw, 1024px\" \/><\/a><figcaption class=\"wp-element-caption\">Stadtf\u00fchrung<\/figcaption><\/figure>\n\n\n\n<figure class=\"wp-block-image size-large\"><a href=\"https:\/\/j1957.de\/wp-content\/uploads\/2022\/10\/DSC00970-001.jpg\" target=\"_blank\" rel=\"noreferrer noopener\"><img loading=\"lazy\" decoding=\"async\" width=\"1024\" height=\"680\" data-id=\"105\" src=\"https:\/\/j1957.de\/wp-content\/uploads\/2022\/10\/DSC00970-001-1024x680.jpg\" alt=\"\" class=\"wp-image-105\" srcset=\"https:\/\/j1957.de\/wp-content\/uploads\/2022\/10\/DSC00970-001-1024x680.jpg 1024w, https:\/\/j1957.de\/wp-content\/uploads\/2022\/10\/DSC00970-001-300x199.jpg 300w, https:\/\/j1957.de\/wp-content\/uploads\/2022\/10\/DSC00970-001-768x510.jpg 768w, https:\/\/j1957.de\/wp-content\/uploads\/2022\/10\/DSC00970-001-1536x1021.jpg 1536w, https:\/\/j1957.de\/wp-content\/uploads\/2022\/10\/DSC00970-001-676x449.jpg 676w, https:\/\/j1957.de\/wp-content\/uploads\/2022\/10\/DSC00970-001.jpg 2000w\" sizes=\"auto, (max-width: 1024px) 100vw, 1024px\" \/><\/a><figcaption class=\"wp-element-caption\">Stadtf\u00fchrung<\/figcaption><\/figure>\n\n\n\n<figure class=\"wp-block-image size-large\"><a href=\"https:\/\/j1957.de\/wp-content\/uploads\/2022\/10\/DSC00985-002.jpg\" target=\"_blank\" rel=\"noreferrer noopener\"><img loading=\"lazy\" decoding=\"async\" width=\"1024\" height=\"652\" data-id=\"101\" src=\"https:\/\/j1957.de\/wp-content\/uploads\/2022\/10\/DSC00985-002-1024x652.jpg\" alt=\"\" class=\"wp-image-101\" srcset=\"https:\/\/j1957.de\/wp-content\/uploads\/2022\/10\/DSC00985-002-1024x652.jpg 1024w, https:\/\/j1957.de\/wp-content\/uploads\/2022\/10\/DSC00985-002-300x191.jpg 300w, https:\/\/j1957.de\/wp-content\/uploads\/2022\/10\/DSC00985-002-768x489.jpg 768w, https:\/\/j1957.de\/wp-content\/uploads\/2022\/10\/DSC00985-002-1536x978.jpg 1536w, https:\/\/j1957.de\/wp-content\/uploads\/2022\/10\/DSC00985-002-676x430.jpg 676w, https:\/\/j1957.de\/wp-content\/uploads\/2022\/10\/DSC00985-002.jpg 2000w\" sizes=\"auto, (max-width: 1024px) 100vw, 1024px\" \/><\/a><figcaption class=\"wp-element-caption\">Stadtf\u00fchrung<\/figcaption><\/figure>\n\n\n\n<figure class=\"wp-block-image size-large\"><a href=\"https:\/\/j1957.de\/wp-content\/uploads\/2022\/10\/DSC00987-001.jpg\" target=\"_blank\" rel=\"noreferrer noopener\"><img loading=\"lazy\" decoding=\"async\" width=\"1024\" height=\"649\" data-id=\"106\" src=\"https:\/\/j1957.de\/wp-content\/uploads\/2022\/10\/DSC00987-001-1024x649.jpg\" alt=\"\" class=\"wp-image-106\" srcset=\"https:\/\/j1957.de\/wp-content\/uploads\/2022\/10\/DSC00987-001-1024x649.jpg 1024w, https:\/\/j1957.de\/wp-content\/uploads\/2022\/10\/DSC00987-001-300x190.jpg 300w, https:\/\/j1957.de\/wp-content\/uploads\/2022\/10\/DSC00987-001-768x487.jpg 768w, https:\/\/j1957.de\/wp-content\/uploads\/2022\/10\/DSC00987-001-1536x973.jpg 1536w, https:\/\/j1957.de\/wp-content\/uploads\/2022\/10\/DSC00987-001-676x428.jpg 676w, https:\/\/j1957.de\/wp-content\/uploads\/2022\/10\/DSC00987-001.jpg 2000w\" sizes=\"auto, (max-width: 1024px) 100vw, 1024px\" \/><\/a><figcaption class=\"wp-element-caption\">Stadtf\u00fchrung<\/figcaption><\/figure>\n\n\n\n<figure class=\"wp-block-image size-large\"><a href=\"https:\/\/j1957.de\/wp-content\/uploads\/2022\/10\/DSC00992-001.jpg\" target=\"_blank\" rel=\"noreferrer noopener\"><img loading=\"lazy\" decoding=\"async\" width=\"1024\" height=\"622\" data-id=\"107\" src=\"https:\/\/j1957.de\/wp-content\/uploads\/2022\/10\/DSC00992-001-1024x622.jpg\" alt=\"\" class=\"wp-image-107\" srcset=\"https:\/\/j1957.de\/wp-content\/uploads\/2022\/10\/DSC00992-001-1024x622.jpg 1024w, https:\/\/j1957.de\/wp-content\/uploads\/2022\/10\/DSC00992-001-300x182.jpg 300w, https:\/\/j1957.de\/wp-content\/uploads\/2022\/10\/DSC00992-001-768x467.jpg 768w, https:\/\/j1957.de\/wp-content\/uploads\/2022\/10\/DSC00992-001-1536x933.jpg 1536w, https:\/\/j1957.de\/wp-content\/uploads\/2022\/10\/DSC00992-001-676x411.jpg 676w, https:\/\/j1957.de\/wp-content\/uploads\/2022\/10\/DSC00992-001.jpg 2000w\" sizes=\"auto, (max-width: 1024px) 100vw, 1024px\" \/><\/a><figcaption class=\"wp-element-caption\">Stadtf\u00fchrung<\/figcaption><\/figure>\n<\/figure>\n","protected":false},"excerpt":{"rendered":"<p>2025 fuhren wir mit einem Oldtimer-Luxusbus nach Ulm. Nach einer zweist\u00fcndigen sehr interessanten Stadtf\u00fchrung und einem Mittagessen im Pfannkuchenhaus war noch etwas Bummeln angesagt, bevor es mit dem Bus wieder zur\u00fcck nach Tettnang ging. 2024 f\u00fchrte uns der Tagesausflug in das historische Zentrum von Konstanz. Die fundierte Stadtf\u00fchrung war beeindruckend und geradezu fesselnd. Unser Tagesausflug [&hellip;]<\/p>\n","protected":false},"author":1,"featured_media":0,"parent":0,"menu_order":0,"comment_status":"closed","ping_status":"closed","template":"","meta":{"footnotes":""},"class_list":["post-99","page","type-page","status-publish","hentry","post-preview"],"_links":{"self":[{"href":"https:\/\/j1957.de\/index.php?rest_route=\/wp\/v2\/pages\/99","targetHints":{"allow":["GET"]}}],"collection":[{"href":"https:\/\/j1957.de\/index.php?rest_route=\/wp\/v2\/pages"}],"about":[{"href":"https:\/\/j1957.de\/index.php?rest_route=\/wp\/v2\/types\/page"}],"author":[{"embeddable":true,"href":"https:\/\/j1957.de\/index.php?rest_route=\/wp\/v2\/users\/1"}],"replies":[{"embeddable":true,"href":"https:\/\/j1957.de\/index.php?rest_route=%2Fwp%2Fv2%2Fcomments&post=99"}],"version-history":[{"count":29,"href":"https:\/\/j1957.de\/index.php?rest_route=\/wp\/v2\/pages\/99\/revisions"}],"predecessor-version":[{"id":233,"href":"https:\/\/j1957.de\/index.php?rest_route=\/wp\/v2\/pages\/99\/revisions\/233"}],"wp:attachment":[{"href":"https:\/\/j1957.de\/index.php?rest_route=%2Fwp%2Fv2%2Fmedia&parent=99"}],"curies":[{"name":"wp","href":"https:\/\/api.w.org\/{rel}","templated":true}]}}