{"id":6,"date":"2021-06-13T11:38:44","date_gmt":"2021-06-13T11:38:44","guid":{"rendered":"https:\/\/j1957.de\/?page_id=6"},"modified":"2025-01-05T10:24:12","modified_gmt":"2025-01-05T10:24:12","slug":"home","status":"publish","type":"page","link":"https:\/\/j1957.de\/","title":{"rendered":"Home"},"content":{"rendered":"\n<h2 class=\"wp-block-heading\">Herzlich willkommen&#8230;<\/h2>\n\n\n\n<p>&#8230;. beim Schuljahrgang 1956\/1957 bzw. Jahrgang 1957 in Tettnang und den umliegenden Ortschaften Langnau, Tannau und Kau.<br><br>Schuljahrgang 1956\/1957 deshalb, da bedingt durch die Kurzschuljahre in der dritten und vierten Klasse (Einschulung wurde vom Fr\u00fchjahr in den Herbst verschoben), es zu einem entsprechenden Jahrgangsmix gef\u00fchrt hat.<br>Eine eingetragene Jahrg\u00e4ngervereinigung f\u00fcr den Jahrgang 1957 gibt es in Tettnang nicht.<br>Dennoch gibt es auf freiwilliger Basis einige Mitstreiter, die den Laden in Bewegung halten.<\/p>\n\n\n\n<p>N\u00e4heres zu diesem Organisationsteam findest du auf der Seite <strong><a href=\"https:\/\/j1957.de\/?page_id=12\">Team<\/a><\/strong>.<\/p>\n\n\n\n<p>Du kommst nicht aus Tettnang, wohnst aber hier und willst auch bei uns mit dabei sein? Dann melde dich bitte bei einem von uns aus dem Orga-Team oder schicke uns eine E-Mail. Wir sind offen und freuen uns auf jedes neue Gesicht.<\/p>\n\n\n\n<p>So, und nun ab auf die Seite <a href=\"https:\/\/j1957.de\/?page_id=9\"><strong>Termine<\/strong><\/a> &#8211; hier gibt es immer aktuelle und interessante Informationen! Schaut rein, meldet euch, macht mit!<\/p>\n","protected":false},"excerpt":{"rendered":"<p>Herzlich willkommen&#8230; &#8230;. beim Schuljahrgang 1956\/1957 bzw. Jahrgang 1957 in Tettnang und den umliegenden Ortschaften Langnau, Tannau und Kau. Schuljahrgang 1956\/1957 deshalb, da bedingt durch die Kurzschuljahre in der dritten und vierten Klasse (Einschulung wurde vom Fr\u00fchjahr in den Herbst verschoben), es zu einem entsprechenden Jahrgangsmix gef\u00fchrt hat.Eine eingetragene Jahrg\u00e4ngervereinigung f\u00fcr den Jahrgang 1957 gibt [&hellip;]<\/p>\n","protected":false},"author":1,"featured_media":104,"parent":0,"menu_order":0,"comment_status":"closed","ping_status":"closed","template":"","meta":{"footnotes":""},"class_list":["post-6","page","type-page","status-publish","has-post-thumbnail","hentry","post-preview"],"_links":{"self":[{"href":"https:\/\/j1957.de\/index.php?rest_route=\/wp\/v2\/pages\/6","targetHints":{"allow":["GET"]}}],"collection":[{"href":"https:\/\/j1957.de\/index.php?rest_route=\/wp\/v2\/pages"}],"about":[{"href":"https:\/\/j1957.de\/index.php?rest_route=\/wp\/v2\/types\/page"}],"author":[{"embeddable":true,"href":"https:\/\/j1957.de\/index.php?rest_route=\/wp\/v2\/users\/1"}],"replies":[{"embeddable":true,"href":"https:\/\/j1957.de\/index.php?rest_route=%2Fwp%2Fv2%2Fcomments&post=6"}],"version-history":[{"count":6,"href":"https:\/\/j1957.de\/index.php?rest_route=\/wp\/v2\/pages\/6\/revisions"}],"predecessor-version":[{"id":201,"href":"https:\/\/j1957.de\/index.php?rest_route=\/wp\/v2\/pages\/6\/revisions\/201"}],"wp:featuredmedia":[{"embeddable":true,"href":"https:\/\/j1957.de\/index.php?rest_route=\/wp\/v2\/media\/104"}],"wp:attachment":[{"href":"https:\/\/j1957.de\/index.php?rest_route=%2Fwp%2Fv2%2Fmedia&parent=6"}],"curies":[{"name":"wp","href":"https:\/\/api.w.org\/{rel}","templated":true}]}}