{"id":3,"date":"2021-06-13T11:12:21","date_gmt":"2021-06-13T11:12:21","guid":{"rendered":"https:\/\/j1957.de\/?page_id=3"},"modified":"2021-06-13T12:22:17","modified_gmt":"2021-06-13T12:22:17","slug":"privacy-policy","status":"publish","type":"page","link":"https:\/\/j1957.de\/?page_id=3","title":{"rendered":"Datenschutz"},"content":{"rendered":"\n<h2 class=\"wp-block-heading\">Wer wir sind<\/h2>\n\n\n\n<p><strong class=\"privacy-policy-tutorial\"><\/strong>Zugeordnete Webseitenadresse: https:\/\/j1957.de.<\/p>\n\n\n\n<h5 class=\"wp-block-heading\"><strong>Verantwortlicher<\/strong><\/h5>\n\n\n\n<p>F\u00fcr die Verarbeitung personenbezogener Daten gem. Art. 4 Ziff. 7 EU-Datenschutz-Grundverordnung (DSGVO) ist Manfred Brugger, <br>Forchenweg 2,\u00a088069\u00a0Tettnang,\u00a007542\/52701\u00a0verantwortlich.<\/p>\n\n\n\n<h5 class=\"wp-block-heading\"><strong>Erhebung personenbezogener Daten<\/strong><\/h5>\n\n\n\n<p>Beim Besuch unserer Website, wenn Sie uns nicht anderweitig Informationen \u00fcbermitteln, erheben wir\u00a0bzw. der Serviceprovider\u00a0nur die personenbezogenen Daten, die Ihr Browser an unseren Server \u00fcbermittelt. Diese Informationen werden tempor\u00e4r in einem sog. Logfile gespeichert. Folgende Informationen werden dabei ohne Ihr Zutun gegebenenfalls erfasst und bis zur automatisierten L\u00f6schung gespeichert:<\/p>\n\n\n\n<p>\u2022 IP-Adresse<br>\u2022 Datum und Uhrzeit der Anfrage<br>\u2022 Zeitzonendifferenz zur koordinierten Weltzeit (UTC)<br>\u2022 vom Webbrowser \u00fcbermittelte Anforderung, bestehend aus Anforderungsmethode (z.B. GET), angeforderter Seite oder Ressource, Protokollversion (z.B. HTTP\/1.1)<br>\u2022 Zugriffsstatus\/HTTP-Statuscode (z.B. 404 f\u00fcr \u201eSeite nicht gefunden\u201c)<br>\u2022 jeweils \u00fcbertragene Datenmenge<br>\u2022 Seite, von der aus die aktuell angezeigte Seite aufgerufen wurde bzw. die Ressource eingebunden wurde (sofern Ihr Webbrowser diese Information \u00fcbermittelt)<br>Browserkennung, bestehend aus Name, Hersteller, Version und Sprache Ihrer Browsersoftware, sowie Betriebssystem und dessen Version (sofern Ihr Webbrowser diese Informationen \u00fcbermittelt)<br>Die genannten Daten werden zu dem Zweck erhoben, Ihnen unsere Website anzuzeigen sowie Stabilit\u00e4t und Sicherheit zu gew\u00e4hrleisten. Rechtsgrundlage ist Art. 6 Abs. 1 Buchst. f DSGVO. Unser berechtigtes Interesse folgt aus dem erw\u00e4hnten Zweck der Datenerhebung.<\/p>\n\n\n\n<p>Cookies\u00a0oder andere\u00a0Analysedienste\u00a0setzen wir nicht ein. N\u00e4here Erl\u00e4uterungen dazu erhalten Sie unter \u00a7 4 und \u00a7 5 dieser Datenschutzerkl\u00e4rung. \u00dcber die Datenverarbeitung beim Einsatz von Social-Media-Anwendungen informieren wir in \u00a7 6 dieser Datenschutzerkl\u00e4rung.<\/p>\n\n\n\n<h5 class=\"wp-block-heading\"><strong>Weitergabe von Daten<\/strong><\/h5>\n\n\n\n<p>Eine \u00dcbermittlung personenbezogener Daten an Dritte findet nicht statt.<\/p>\n\n\n\n<h5 class=\"wp-block-heading\"><strong>&nbsp;Cookies<\/strong><\/h5>\n\n\n\n<p>Zus\u00e4tzlich zu den in \u00a7 2 Abs 1 dieser Datenschutzerkl\u00e4rung genannten Daten\u00a0k\u00f6nnen\u00a0bei\u00a0der\u00a0Nutzung unserer Website Cookies auf Ihrem Rechner gespeichert\u00a0werden. Hierbei handelt es sich um kleine Dateien, die Ihr Browser automatisch erstellt und die auf Ihrem Endger\u00e4t (Laptop, Tablet, Smartphone o.\u00e4.) gespeichert werden, wenn Sie unsere Seite besuchen. In dem Cookie werden Informationen abgelegt, die sich jeweils im Zusammenhang mit dem spezifisch eingesetzten Endger\u00e4t ergeben. Dies bedeutet jedoch nicht, dass wir dadurch unmittelbar Kenntnis von Ihrer Identit\u00e4t erhalten. Cookies k\u00f6nnen zudem keine Programme ausf\u00fchren oder Viren auf Ihren Computer \u00fcbertragen. Sie dienen dazu, das Internetangebot insgesamt nutzerfreundlicher und effektiver zu machen.<\/p>\n\n\n\n<h5 class=\"wp-block-heading\"><strong>Webanalyse<\/strong><\/h5>\n\n\n\n<p>Wir nutzen auf unserer Seite keine Analytictools, k\u00f6nnen aber nicht ausschlie\u00dfen, dass serverseitig entsprechende Tools installiert sind. Hierf\u00fcr gelten die nachfolgenden Erl\u00e4uterungen:<\/p>\n\n\n\n<p>Einsatz von Google Analytics:<\/p>\n\n\n\n<p>a) Wir nutzen auf unserer Website Google Analytics, einen Webanalysedienst der Google Inc. (\u201eGoogle\u201c). Google Analytics verwendet Cookies (s. \u00a7 4 dieser Datenschutzerkl\u00e4rung), die auf Ihrem Computer gespeichert werden und die eine Analyse der Benutzung unserer Website durch Sie erm\u00f6glichen. Die durch den Cookie erzeugten Informationen \u00fcber Ihre Benutzung unserer Website wie<\/p>\n\n\n\n<p>\u2022 IP-Adresse<br>\u2022 Datum und Uhrzeit der Anfrage<br>\u2022 Website, von der die Anforderung kommt<br>\u2022 Browser<br>\u2022 Betriebssystem<\/p>\n\n\n\n<p>werden in der Regel an einen Server von Google in den USA \u00fcbertragen und dort gespeichert. Wir verwenden Google Analytics mit der Erweiterung \u201e_anonymizeIp()\u201c; damit wird Ihre IP-Adresse von Google noch innerhalb von Mitgliedstaaten der Europ\u00e4ischen Union oder in anderen Vertragsstaaten des Abkommens \u00fcber den Europ\u00e4ischen Wirtschaftsraum zuvor gek\u00fcrzt. Nur in Ausnahmef\u00e4llen wird die volle IP-Adresse an einen Server von Google in den USA \u00fcbertragen und dort gek\u00fcrzt. In unserem Auftrag wird Google diese Informationen benutzen, um Ihre Nutzung der Website auszuwerten, um Reports \u00fcber die Website-Aktivit\u00e4ten zusammenzustellen und um weitere mit der Website-Nutzung und der Internetnutzung verbundene Dienstleistungen gegen\u00fcber dem Website-Betreiber zu erbringen.<\/p>\n\n\n\n<p>b) Die im Rahmen von Google Analytics von Ihrem Browser \u00fcbermittelte IP-Adresse wird nicht mit anderen Daten von Google zusammengef\u00fchrt.<\/p>\n\n\n\n<p>c) Sie k\u00f6nnen die Speicherung der Cookies durch eine entsprechende Einstellung Ihrer Browser-Software verhindern; wir weisen Sie jedoch darauf hin, dass Sie in diesem Fall gegebenenfalls nicht s\u00e4mtliche Funktionen dieser Website vollumf\u00e4nglich werden nutzen k\u00f6nnen. Sie k\u00f6nnen dar\u00fcber hinaus die Erfassung der durch das Cookie erzeugten und auf Ihre Nutzung der Website bezogenen Daten (inkl. Ihrer IP-Adresse) an Google sowie die Verarbeitung dieser Daten durch Google verhindern, indem sie das unter dem folgenden Link verf\u00fcgbare Browser-Plug-in herunterladen und installieren: http:\/\/tools.google.com\/dlpage\/gaoptout?hl=de.<\/p>\n\n\n\n<p>d) Wir nutzen Google Analytics, um die Nutzung unserer Website analysieren und regelm\u00e4\u00dfig verbessern zu k\u00f6nnen. \u00dcber die gewonnenen Statistiken k\u00f6nnen wir unser Angebot verbessern und f\u00fcr Sie als Nutzer interessanter ausgestalten. F\u00fcr die Ausnahmef\u00e4lle, in denen personenbezogene Daten in die USA \u00fcbertragen werden, hat sich Google dem EU-US Privacy Shield unterworfen, https:\/\/www.privacyshield.gov\/EU-US-Framework. Rechtsgrundlage f\u00fcr die Nutzung von Google Analytics ist Art. 6 Abs. 1 Buchst. f DS-GVO.<\/p>\n\n\n\n<p>e) Informationen des Drittanbieters: Google Dublin, Google Ireland Ltd., Gordon House, Barrow Street, Dublin 4, Ireland, Fax: +353 (1) 436\u20091001. Nutzerbedingungen: http:\/\/www.google.com\/analytics\/terms\/de.html, \u00dcbersicht zum Datenschutz: http:\/\/www.google.com\/intl\/de\/analytics\/learn\/privacy.html, sowie die Datenschutzerkl\u00e4rung: http:\/\/www.google.de\/intl\/de\/policies\/privacy.<\/p>\n\n\n\n<p>Einsatz von Tracking-Pixeln:<\/p>\n\n\n\n<p>a) Wir versenden keinen Newsletter und verwenden keine entsprechenden Auswertetools.<\/p>\n\n\n\n<h5 class=\"wp-block-heading\"><strong>&nbsp;Social Media<\/strong><\/h5>\n\n\n\n<p>Einsatz von Social-Media-Plug-ins:<\/p>\n\n\n\n<p>Wir setzen derzeit\u00a0kein\u00a0Social-Media-Plug-In\u00a0wie\u00a0Facebook ein.<\/p>\n\n\n\n<h5 class=\"wp-block-heading\"><strong>Aktualit\u00e4t und \u00c4nderung dieser Datenschutzerkl\u00e4rung<\/strong><\/h5>\n\n\n\n<p>Diese Datenschutzerkl\u00e4rung ist aktuell g\u00fcltig und hat den Stand Mai 2021.<\/p>\n\n\n\n<p>Durch die Weiterentwicklung unserer Website und unserer dar\u00fcber zur Verf\u00fcgung gestellten Angebote oder aufgrund ge\u00e4nderter gesetzlicher beziehungsweise beh\u00f6rdlicher Vorgaben kann es notwendig werden, diese Datenschutzerkl\u00e4rung zu \u00e4ndern.<\/p>\n\n\n\n<p>Die jeweils aktuelle Datenschutzerkl\u00e4rung k\u00f6nnen Sie jederzeit auf unserer Website abrufen und ausdrucken.<\/p>\n","protected":false},"excerpt":{"rendered":"<p>Wer wir sind Zugeordnete Webseitenadresse: https:\/\/j1957.de. Verantwortlicher F\u00fcr die Verarbeitung personenbezogener Daten gem. Art. 4 Ziff. 7 EU-Datenschutz-Grundverordnung (DSGVO) ist Manfred Brugger, Forchenweg 2,\u00a088069\u00a0Tettnang,\u00a007542\/52701\u00a0verantwortlich. Erhebung personenbezogener Daten Beim Besuch unserer Website, wenn Sie uns nicht anderweitig Informationen \u00fcbermitteln, erheben wir\u00a0bzw. der Serviceprovider\u00a0nur die personenbezogenen Daten, die Ihr Browser an unseren Server \u00fcbermittelt. Diese Informationen werden [&hellip;]<\/p>\n","protected":false},"author":1,"featured_media":0,"parent":0,"menu_order":0,"comment_status":"closed","ping_status":"open","template":"","meta":{"footnotes":""},"class_list":["post-3","page","type-page","status-publish","hentry","post-preview"],"_links":{"self":[{"href":"https:\/\/j1957.de\/index.php?rest_route=\/wp\/v2\/pages\/3","targetHints":{"allow":["GET"]}}],"collection":[{"href":"https:\/\/j1957.de\/index.php?rest_route=\/wp\/v2\/pages"}],"about":[{"href":"https:\/\/j1957.de\/index.php?rest_route=\/wp\/v2\/types\/page"}],"author":[{"embeddable":true,"href":"https:\/\/j1957.de\/index.php?rest_route=\/wp\/v2\/users\/1"}],"replies":[{"embeddable":true,"href":"https:\/\/j1957.de\/index.php?rest_route=%2Fwp%2Fv2%2Fcomments&post=3"}],"version-history":[{"count":1,"href":"https:\/\/j1957.de\/index.php?rest_route=\/wp\/v2\/pages\/3\/revisions"}],"predecessor-version":[{"id":16,"href":"https:\/\/j1957.de\/index.php?rest_route=\/wp\/v2\/pages\/3\/revisions\/16"}],"wp:attachment":[{"href":"https:\/\/j1957.de\/index.php?rest_route=%2Fwp%2Fv2%2Fmedia&parent=3"}],"curies":[{"name":"wp","href":"https:\/\/api.w.org\/{rel}","templated":true}]}}